{"id":2661,"date":"2017-08-18T12:13:08","date_gmt":"2017-08-18T10:13:08","guid":{"rendered":"http:\/\/vrteckonjice.splet.arnes.si\/?page_id=2661"},"modified":"2025-07-30T11:28:03","modified_gmt":"2025-07-30T09:28:03","slug":"zdravje-v-vrtcu","status":"publish","type":"page","link":"https:\/\/vrtec-konjice.si\/?page_id=2661","title":{"rendered":"Zdravje v vrtcu"},"content":{"rendered":"<p>[et_pb_section fb_built=&#8221;1&#8243; admin_label=&#8221;section&#8221; _builder_version=&#8221;4.18.0&#8243; background_image=&#8221;https:\/\/vrtec-konjice.si\/files\/2023\/09\/pexels-lukas-616401-scaled.jpg&#8221; parallax=&#8221;on&#8221; transparent_background=&#8221;off&#8221; make_fullwidth=&#8221;off&#8221; use_custom_width=&#8221;off&#8221; width_unit=&#8221;on&#8221; global_colors_info=&#8221;{}&#8221;][et_pb_row _builder_version=&#8221;4.18.0&#8243; _module_preset=&#8221;default&#8221; global_colors_info=&#8221;{}&#8221;][et_pb_column type=&#8221;4_4&#8243; _builder_version=&#8221;4.18.0&#8243; _module_preset=&#8221;default&#8221; global_colors_info=&#8221;{}&#8221;][et_pb_divider show_divider=&#8221;off&#8221; disabled_on=&#8221;on|on|off&#8221; admin_label=&#8221;Divider&#8221; _builder_version=&#8221;4.18.0&#8243; height=&#8221;118px&#8221; hide_on_mobile=&#8221;on&#8221; global_colors_info=&#8221;{}&#8221;][\/et_pb_divider][\/et_pb_column][\/et_pb_row][et_pb_row admin_label=&#8221;row&#8221; _builder_version=&#8221;4.18.0&#8243; background_color=&#8221;rgba(0,0,0,0.73)&#8221; background_size=&#8221;initial&#8221; background_position=&#8221;top_left&#8221; background_repeat=&#8221;repeat&#8221; global_colors_info=&#8221;{}&#8221;][et_pb_column type=&#8221;4_4&#8243; _builder_version=&#8221;4.16&#8243; custom_padding=&#8221;|||&#8221; global_colors_info=&#8221;{}&#8221; custom_padding__hover=&#8221;|||&#8221;][et_pb_divider show_divider=&#8221;off&#8221; disabled_on=&#8221;on|on|off&#8221; admin_label=&#8221;Divider&#8221; _builder_version=&#8221;4.18.0&#8243; height=&#8221;100px&#8221; hide_on_mobile=&#8221;on&#8221; global_colors_info=&#8221;{}&#8221;][\/et_pb_divider][et_pb_text admin_label=&#8221;Text&#8221; _builder_version=&#8221;4.27.4&#8243; text_text_color=&#8221;#FFFFFF&#8221; background_size=&#8221;initial&#8221; background_position=&#8221;top_left&#8221; background_repeat=&#8221;repeat&#8221; custom_padding=&#8221;|20px||20px|false|false&#8221; hover_enabled=&#8221;0&#8243; use_border_color=&#8221;off&#8221; border_color=&#8221;#ffffff&#8221; border_style=&#8221;solid&#8221; global_colors_info=&#8221;{}&#8221; sticky_enabled=&#8221;0&#8243;]<\/p>\n<h3 style=\"text-align: center\"><span style=\"color: #ffffff\">PORO\u010cILO VRTCA SLOVENSKE KONJICE \u2013 ZDRAVJE V VRTCU<\/span><\/h3>\n<p>Tudi v \u0161olskem letu 2024\/2025 smo na ravni vrtca sodelovali v programu NIJZ, Zdravje v vrtcu, s temo rde\u010de niti \u00bb<em>JEJ ZDRAVO, SPO\u0160TUJ HRANO IN VARUJ NARAVO<\/em>\u00ab. V okviru sodelovanja smo poglabljali in nadgrajevali vsebine, povezane z zdravjem. Sodelovalo je 24 oddelkov, nekatere strokovne delavke so svoje znanje nadgradile z udele\u017ebo na izobra\u017eevanjih (preko spletne aplikacije).\u00a0<\/p>\n<p>Nekaj vsebin, ki so jih otroci poglobili iz podro\u010dja zdravja v okviru omenjenega projekta, navajamo v nadaljevanju. Nekatere skupine so obiskali tudi zunanji strokovni delavci (ZD Slovenske Konjice) in njihovo izku\u0161njo obogatili na druga\u010den na\u010din.<em> \/ VZGOJA ZA ZDRAVJE<\/em> Izvedli smo aktivnosti Z malo dejanj veliko zdravja\u00a0 ter Vzgojo za ustno zdravje \u2013 zobna preventiva.<\/p>\n<p>\u00a0Teme bistvenih aktivnosti so bile slede\u010de:<\/p>\n<ul>\n<li>Zdrava prehrana za na\u0161e zdravje<\/li>\n<li>Gibanje<\/li>\n<li>Du\u0161evno zdravje<\/li>\n<li>Danes se po\u010dutim\u2026<\/li>\n<li>Varnost v prometu\/na igri\u0161\u010du<\/li>\n<li>Narava in varovanje okolja<\/li>\n<li>Osebna higiena<\/li>\n<li>Spoznavanje \u010dlove\u0161kega telesa<\/li>\n<\/ul>\n<p>Bile so uporabljene razli\u010dne metode dela: prakti\u010dno delo (npr. vaje, izdelki, nastopi, \u0161portne dejavnosti, pohodi, delo na terenu &#8230;), pogovor, ogled\/obisk, demonstracija, razstava, uporaba avdiovizualnih sredstev z veliko razli\u010dnimi pripomo\u010dki: razli\u010dne knjige, \u0161portni pripomo\u010dki, za\u0161\u010ditna obla\u010dila, piktogrami, itd.. Vsebine in aktivnosti so bile pogosto namenjene tudi star\u0161em in okolici.<\/p>\n<p>S sodelovanjem v programu so novo znanje in izku\u0161nje pridobili vsi sodelujo\u010di ter ciljne skupine programa. Vsebine so bile zastavljene v korist razvoja otrok ter smiselno uporabljene v praksi.<\/p>\n<p>Z vklju\u010denostjo in aktivnim sodelovanjem v program nadaljujemo tudi v \u0161olskem letu 25\/26. Program je zelo koristen za na\u0161e otroke in strokovne delavce, saj ponuja dodatne mo\u017enosti za krepitev skrbi za lastno zdravje, ki je eden izmed temeljev za zdravo \u017eivljenje.<\/p>\n<p>Zapisala: Petra Lon\u010dar, OPZHR<\/p>\n<p>[\/et_pb_text][et_pb_divider show_divider=&#8221;off&#8221; disabled_on=&#8221;on|on|off&#8221; admin_label=&#8221;Divider&#8221; _builder_version=&#8221;4.16&#8243; height=&#8221;40px&#8221; hide_on_mobile=&#8221;on&#8221; global_colors_info=&#8221;{}&#8221;][\/et_pb_divider][\/et_pb_column][\/et_pb_row][\/et_pb_section]<\/p>\n","protected":false},"excerpt":{"rendered":"<p>PORO\u010cILO VRTCA SLOVENSKE KONJICE \u2013 ZDRAVJE V VRTCU Tudi v \u0161olskem letu 2024\/2025 smo na ravni vrtca sodelovali v programu NIJZ, Zdravje v vrtcu, s temo rde\u010de niti \u00bbJEJ ZDRAVO, SPO\u0160TUJ HRANO IN VARUJ NARAVO\u00ab. V okviru sodelovanja smo poglabljali in nadgrajevali vsebine, povezane z zdravjem. Sodelovalo je 24 oddelkov, nekatere strokovne delavke so svoje [&hellip;]<\/p>\n","protected":false},"author":3129,"featured_media":0,"parent":910,"menu_order":0,"comment_status":"closed","ping_status":"closed","template":"","meta":{"_et_pb_use_builder":"on","_et_pb_old_content":"","_et_gb_content_width":"","ngg_post_thumbnail":0,"footnotes":""},"class_list":["post-2661","page","type-page","status-publish","hentry"],"_links":{"self":[{"href":"https:\/\/vrtec-konjice.si\/index.php?rest_route=\/wp\/v2\/pages\/2661","targetHints":{"allow":["GET"]}}],"collection":[{"href":"https:\/\/vrtec-konjice.si\/index.php?rest_route=\/wp\/v2\/pages"}],"about":[{"href":"https:\/\/vrtec-konjice.si\/index.php?rest_route=\/wp\/v2\/types\/page"}],"author":[{"embeddable":true,"href":"https:\/\/vrtec-konjice.si\/index.php?rest_route=\/wp\/v2\/users\/3129"}],"replies":[{"embeddable":true,"href":"https:\/\/vrtec-konjice.si\/index.php?rest_route=%2Fwp%2Fv2%2Fcomments&post=2661"}],"version-history":[{"count":14,"href":"https:\/\/vrtec-konjice.si\/index.php?rest_route=\/wp\/v2\/pages\/2661\/revisions"}],"predecessor-version":[{"id":11806,"href":"https:\/\/vrtec-konjice.si\/index.php?rest_route=\/wp\/v2\/pages\/2661\/revisions\/11806"}],"up":[{"embeddable":true,"href":"https:\/\/vrtec-konjice.si\/index.php?rest_route=\/wp\/v2\/pages\/910"}],"wp:attachment":[{"href":"https:\/\/vrtec-konjice.si\/index.php?rest_route=%2Fwp%2Fv2%2Fmedia&parent=2661"}],"curies":[{"name":"wp","href":"https:\/\/api.w.org\/{rel}","templated":true}]}}

<p>[et_pb_section fb_built=&#8221;1&#8243; admin_label=&#8221;section&#8221; _builder_version=&#8221;4.18.0&#8243; background_image=&#8221;https://vrtec-konjice.si/files/2023/09/pexels-lukas-616401-scaled.jpg&#8221; parallax=&#8221;on&#8221; transparent_background=&#8221;off&#8221; make_fullwidth=&#8221;off&#8221; use_custom_width=&#8221;off&#8221; width_unit=&#8221;on&#8221; global_colors_info=&#8221;{}&#8221;][et_pb_row _builder_version=&#8221;4.18.0&#8243; _module_preset=&#8221;default&#8221; global_colors_info=&#8221;{}&#8221;][et_pb_column type=&#8221;4_4&#8243; _builder_version=&#8221;4.18.0&#8243; _module_preset=&#8221;default&#8221; global_colors_info=&#8221;{}&#8221;][et_pb_divider show_divider=&#8221;off&#8221; disabled_on=&#8221;on|on|off&#8221; admin_label=&#8221;Divider&#8221; _builder_version=&#8221;4.18.0&#8243; height=&#8221;118px&#8221; hide_on_mobile=&#8221;on&#8221; global_colors_info=&#8221;{}&#8221;][/et_pb_divider][/et_pb_column][/et_pb_row][et_pb_row admin_label=&#8221;row&#8221; _builder_version=&#8221;4.18.0&#8243; background_color=&#8221;rgba(0,0,0,0.73)&#8221; background_size=&#8221;initial&#8221; background_position=&#8221;top_left&#8221; background_repeat=&#8221;repeat&#8221; global_colors_info=&#8221;{}&#8221;][et_pb_column type=&#8221;4_4&#8243; _builder_version=&#8221;4.16&#8243; custom_padding=&#8221;|||&#8221; global_colors_info=&#8221;{}&#8221; custom_padding__hover=&#8221;|||&#8221;][et_pb_divider show_divider=&#8221;off&#8221; disabled_on=&#8221;on|on|off&#8221; admin_label=&#8221;Divider&#8221; _builder_version=&#8221;4.18.0&#8243; height=&#8221;100px&#8221; hide_on_mobile=&#8221;on&#8221; global_colors_info=&#8221;{}&#8221;][/et_pb_divider][et_pb_text admin_label=&#8221;Text&#8221; _builder_version=&#8221;4.27.4&#8243; text_text_color=&#8221;#FFFFFF&#8221; background_size=&#8221;initial&#8221; background_position=&#8221;top_left&#8221; background_repeat=&#8221;repeat&#8221; custom_padding=&#8221;|20px||20px|false|false&#8221; hover_enabled=&#8221;0&#8243; use_border_color=&#8221;off&#8221; border_color=&#8221;#ffffff&#8221; border_style=&#8221;solid&#8221; global_colors_info=&#8221;{}&#8221; sticky_enabled=&#8221;0&#8243;]</p>
<h3 style="text-align: center"><span style="color: #ffffff">POROČILO VRTCA SLOVENSKE KONJICE – ZDRAVJE V VRTCU</span></h3>
<p>Tudi v šolskem letu 2024/2025 smo na ravni vrtca sodelovali v programu NIJZ, Zdravje v vrtcu, s temo rdeče niti »<em>JEJ ZDRAVO, SPOŠTUJ HRANO IN VARUJ NARAVO</em>«. V okviru sodelovanja smo poglabljali in nadgrajevali vsebine, povezane z zdravjem. Sodelovalo je 24 oddelkov, nekatere strokovne delavke so svoje znanje nadgradile z udeležbo na izobraževanjih (preko spletne aplikacije). </p>
<p>Nekaj vsebin, ki so jih otroci poglobili iz področja zdravja v okviru omenjenega projekta, navajamo v nadaljevanju. Nekatere skupine so obiskali tudi zunanji strokovni delavci (ZD Slovenske Konjice) in njihovo izkušnjo obogatili na drugačen način.<em> / VZGOJA ZA ZDRAVJE</em> Izvedli smo aktivnosti Z malo dejanj veliko zdravja  ter Vzgojo za ustno zdravje – zobna preventiva.</p>
<p> Teme bistvenih aktivnosti so bile sledeče:</p>
<ul>
<li>Zdrava prehrana za naše zdravje</li>
<li>Gibanje</li>
<li>Duševno zdravje</li>
<li>Danes se počutim…</li>
<li>Varnost v prometu/na igrišču</li>
<li>Narava in varovanje okolja</li>
<li>Osebna higiena</li>
<li>Spoznavanje človeškega telesa</li>
</ul>
<p>Bile so uporabljene različne metode dela: praktično delo (npr. vaje, izdelki, nastopi, športne dejavnosti, pohodi, delo na terenu &#8230;), pogovor, ogled/obisk, demonstracija, razstava, uporaba avdiovizualnih sredstev z veliko različnimi pripomočki: različne knjige, športni pripomočki, zaščitna oblačila, piktogrami, itd.. Vsebine in aktivnosti so bile pogosto namenjene tudi staršem in okolici.</p>
<p>S sodelovanjem v programu so novo znanje in izkušnje pridobili vsi sodelujoči ter ciljne skupine programa. Vsebine so bile zastavljene v korist razvoja otrok ter smiselno uporabljene v praksi.</p>
<p>Z vključenostjo in aktivnim sodelovanjem v program nadaljujemo tudi v šolskem letu 25/26. Program je zelo koristen za naše otroke in strokovne delavce, saj ponuja dodatne možnosti za krepitev skrbi za lastno zdravje, ki je eden izmed temeljev za zdravo življenje.</p>
<p>Zapisala: Petra Lončar, OPZHR</p>
<p>[/et_pb_text][et_pb_divider show_divider=&#8221;off&#8221; disabled_on=&#8221;on|on|off&#8221; admin_label=&#8221;Divider&#8221; _builder_version=&#8221;4.16&#8243; height=&#8221;40px&#8221; hide_on_mobile=&#8221;on&#8221; global_colors_info=&#8221;{}&#8221;][/et_pb_divider][/et_pb_column][/et_pb_row][/et_pb_section]</p>

<p>POROČILO VRTCA SLOVENSKE KONJICE – ZDRAVJE V VRTCU Tudi v šolskem letu 2024/2025 smo na ravni vrtca sodelovali v programu NIJZ, Zdravje v vrtcu, s temo rdeče niti »JEJ ZDRAVO, SPOŠTUJ HRANO IN VARUJ NARAVO«. V okviru sodelovanja smo poglabljali in nadgrajevali vsebine, povezane z zdravjem. Sodelovalo je 24 oddelkov, nekatere strokovne delavke so svoje [&hellip;]</p>
